hat is 239 - 2?
237
In base 7, what is -5 + 334?
326
In base 9, what is 5 - -3?
8
In base 12, what is -4 - 8b1?
-8b5
In base 16, what is -2a - -8?
-22
In base 6, what is 152 - 405?
-213
In base 3, what is 11220 + -2?
11211
In base 12, what is 19 - -49?
66
In base 12, what is 0 - 51?
-51
In base 11, what is 33 + -21?
12
In base 9, what is 0 - -224?
224
In base 13, what is 27764 + 5?
27769
In base 6, what is 3441 - -2?
3443
In base 16, what is -1 + bed?
bec
In base 6, what is -3 + -53301?
-53304
In base 13, what is 1 + 7a?
7b
In base 13, what is 1 + 2303?
2304
In base 2, what is -1001100101 + 1001?
-1001011100
In base 5, what is -24 - 2133?
-2212
In base 11, what is -92 - -41?
-51
In base 3, what is 1 + 12021?
12022
In base 13, what is -159 + 1?
-158
In base 3, what is 111001 + -11?
110220
In base 8, what is 27 - -313?
342
In base 16, what is 0 + -11?
-11
In base 14, what is 3c - 8?
34
In base 5, what is -4 - 33?
-42
In base 7, what is 4 + -14?
-10
In base 16, what is 9 - -143?
14c
In base 9, what is 168 + -10?
158
In base 8, what is -2726 - 2?
-2730
In base 16, what is -3 - 512?
-515
In base 7, what is 4 + 124?
131
In base 13, what is 10 - 593?
-583
In base 14, what is 2 - 671?
-66d
In base 15, what is -4 + a3?
9e
In base 15, what is -2 + 94?
92
In base 2, what is -1011011101 + -10?
-1011011111
In base 14, what is -128 - -2?
-126
In base 10, what is -1 - 123?
-124
In base 15, what is -196 - 3?
-199
In base 2, what is -10000000 + 101?
-1111011
In base 12, what is 4 - 21?
-19
In base 2, what is 11111100 + -10?
11111010
In base 7, what is -2 - -420?
415
In base 3, what is 110012 - 10?
110002
In base 16, what is -13 + -35e?
-371
In base 11, what is 1 - 372?
-371
In base 16, what is 3da0 - 0?
3da0
In base 16, what is 11 + -6?
b
In base 15, what is -2c9 + 9?
-2c0
In base 2, what is 1 + -11001110?
-11001101
In base 3, what is 121 - 101?
20
In base 8, what is -15516 - 5?
-15523
In base 9, what is -20 + -6?
-26
In base 5, what is 11 + -11?
0
In base 6, what is -1100 + -2?
-1102
In base 12, what is -184 - a?
-192
In base 11, what is 89 - -7?
95
In base 3, what is -10210 - -101?
-10102
In base 4, what is -2 - 2132?
-2200
In base 7, what is 1223 + 16?
1242
In base 3, what is 2 + -1211?
-1202
In base 11, what is -4 + 7?
3
In base 8, what is 30 + -42?
-12
In base 11, what is 118 - -5?
122
In base 13, what is 31b + -15?
306
In base 5, what is 34 + -22?
12
In base 6, what is -2103 - 125?
-2232
In base 13, what is -34 - -7?
-2a
In base 12, what is 7 + 491?
498
In base 9, what is -687 - 2?
-700
In base 2, what is 101 - 1100110?
-1100001
In base 15, what is 1 + -cd?
-cc
In base 4, what is 11102031 - 3?
11102022
In base 5, what is 431 - -42?
1023
In base 14, what is 4 + -8?
-4
In base 15, what is -cc + -2?
-ce
In base 2, what is -111100 + 1?
-111011
In base 2, what is -101011010010 + 101?
-101011001101
In base 2, what is 1 + 101?
110
In base 4, what is -1 - -20332?
20331
In base 15, what is 1 + -6dc?
-6db
In base 16, what is -63 + 1e?
-45
In base 3, what is 10 + -21?
-11
In base 15, what is 41 - 19?
27
In base 6, what is -15 + -2322?
-2341
In base 8, what is 3 + -225?
-222
In base 4, what is 11 + -211301?
-211230
In base 13, what is -4b - 1?
-4c
In base 11, what is -4 + -1575?
-1579
In base 13, what is -3 - -26?
23
In base 16, what is 1 + 287?
288
In base 7, what is 113 + 12?
125
In base 3, what is 101 + 12?
120
In base 13, what is -36 + -79?
-b2
In base 12, what is -31 - 78?
-a9
In base 4, what is -11 - 21331?
-22002
In base 11, what is -3 + -1711?
-1714
In base 3, what is -1212222 + 12?
-1212210
In base 5, what is -1100 + -440?
-2040
In base 15, what is -a + 153?
148
In base 2, what is 1 + -111111001?
-111111000
In base 3, what is -1001 - 20?
-1021
In base 7, what is 140 - 36?
101
In base 3, what is 212120 + 102?
212222
In base 9, what is -153 - 5?
-158
In base 3, what is -10 - -111110?
111100
In base 12, what is 4 - 74?
-70
In base 6, what is 103 - -4?
111
In base 16, what is a - 170?
-166
In base 12, what is 1a - -b?
29
In base 8, what is -130 - 2?
-132
In base 12, what is -205 + -5?
-20a
In base 3, what is 120 - 2?
111
In base 10, what is 1546 - 4?
1542
In base 13, what is 17 - -5?
1c
In base 14, what is -bc7 - -2?
-bc5
In base 4, what is -21 + 21112?
21031
In base 10, what is -482 + 1?
-481
In base 4, what is 210020 - 11?
210003
In base 10, what is -20 - 37?
-57
In base 7, what is 4 + 1403?
1410
In base 14, what is 3326 - -6?
332c
In base 6, what is 241 + -5?
232
In base 15, what is 238 + 4?
23c
In base 2, what is 10111111010 + -10?
10111111000
In base 10, what is -2 + -1957?
-1959
In base 15, what is -447 - -10?
-437
In base 16, what is -132 - 4?
-136
In base 5, what is -104 - 403?
-1012
In base 3, what is 1111122 - 11?
1111111
In base 7, what is 0 + -4641?
-4641
In base 14, what is -6 - -214?
20c
In base 7, what is 3 + -12?
-6
In base 5, what is 42 + 4013?
4110
In base 16, what is 2 + -22?
-20
In base 14, what is 3 - -4d?
52
In base 12, what is -1 + -13?
-14
In base 16, what is 0 - -3a?
3a
In base 4, what is 1102 - 12320?
-11212
In base 14, what is -5 - 170?
-175
In base 3, what is 212210 + -11?
212122
In base 14, what is 5 - -2d?
34
In base 7, what is 445 + -3?
442
In base 13, what is 3 + -4b?
-48
In base 9, what is -10 + -3?
-13
In base 2, what is -10010110001100 + 100?
-10010110001000
In base 14, what is 5 - 5b?
-56
In base 11, what is 18 + -1?
17
In base 4, what is -10 - -212?
202
In base 14, what is -20 + -6?
-26
In base 14, what is 1325 - 2?
1323
In base 15, what is -2 - -80?
7d
In base 3, what is 1000111 + -1?
1000110
In base 8, what is 41 - -342?
403
In base 6, what is 10 + 213?
223
In base 3, what is -2 - -2010?
2001
In base 3, what is -20 - -100101?
100011
In base 7, what is 4 + 40?
44
In base 5, what is -3 + -210320?
-210323
In base 4, what is -3103 + 10?
-3033
In base 5, what is 0 - -141?
141
In base 9, what is 6184 - 4?
6180
In base 8, what is 6 - 3340?
-3332
In base 8, what is 410 - 6?
402
In base 15, what is -5 + 2b0?
2aa
In base 12, what is 2 + -37?
-35
In base 10, what is 165 + -2?
163
In base 4, what is 2 - 200323?
-200321
In base 14, what is -5d61 + 4?
-5d5b
In base 13, what is -4 - 3b?
-42
In base 8, what is -173 + -15?
-210
In base 10, what is -387 - 3?
-390
In base 2, what is 11 - -110011111?
110100010
In base 10, what is -5 + 483?
478
In base 16, what is -5a6b + -5?
-5a70
In base 8, what is 511 + 3?
514
In base 7, what is -24 - -5?
-16
In base 5, what is -113 - -140?
22
In base 3, what is 10 - -211101?
211111
In base 13, what is -158 - 5?
-160
In base 3, what is 21 + 11020?
11111
In base 7, what is 220 - -4?
224
In base 2, what is 1100100 - 1?
1100011
In base 2, what is -1111 + -110011001?
-110101000
In base 4, what is 13 - 20023?
-20010
In base 15, what is -2c - -31c?
2e0
In base 2, what is 1101 + 11010100110?
11010110011
In base 5, what is 220 + 102?
322
In base 4, what is 0 + 302203?
302203
In base 8, what is 11 - -774?
1005
In base 2, what is -11 + 100010000?
100001101
In base 7, what is -166 + -163?
-362
In base 4, what is -21 + -132?
-213
In base 9, what is 125 + 3?
128
In base 15, what is -6 + -20?
-26
In base 11, what is -321 + -5?
-326
In base 12, what is 15728 + -3?
15725
In base 13, what is -96 + -a?
-a3
In base 10, what is 4 + 23?
27
In base 6, what is -11122 - 2?
-11124
In base 13, what is 253 + -1?
252
In base 10, what is 940 - 2?
938
In base 5, what is 30202 - 11?
30141
In base 6, what is -500 + 0?
-500
In base 4, what is 11032 + 2?
11100
In base 14, what is 56 + -35?
21
In base 16, what is 2 + -a?
-8
In base 6, what is 0 - 3414?
-3414
In base 3, what is -1 + 2021?
2020
In base 8, what is 7 + -3?
4
In base 14, what is 67 - -31?
98
In base 6, what is -13 - 5?
-22
In base 12, what is 19 + 41?
5a
In base 2, what is 111110110110 + -1?
111110110101
In base 6, what is -2 + -303?
-305
In base 9, what is 157 - -24?
182
In base 8, what is -1 + -4536?
-4537
In base 10, what is 1672 - 3?
1669
In base 12, what is -1 - 1a?
-1b
In base 15, what is 115 - -20?
135
In base 15, what is -5 + dc?
d7
In base 5, what is 42 - 3101?
-3004
In base 3, what is -10022 + -2?
-10101
In base 3, what is 202120 + 12?
202202
In base 9, what is 5487 - 0?
5487
In base 15, what is -5 + -44?
-49
In base 9, what is -7 - -43?
35
In base 13, what is 0 - 